*g. Calculate the remainder when g is divided by i.
12
Suppose 5*i = -5*j + 2595, 7*j - 3*j - 2*i = 2046. What is the remainder when j is divided by 132?
118
Let t be (34/4)/((13/2)/13). Let d = 104 - 37. What is the remainder when d is divided by -1 + t/1 - -4?
7
Let g(u) = 24*u + 6. Suppose 0 = 4*d - 253 + 69. What is the remainder when d is divided by g(1)?
16
Suppose 2*j = -5*y + 10*y + 279, 0 = -3*j + y + 386. Suppose 0 = -5*g + j - 52. Calculate the remainder when 72 is divided by g.
12
Calculate the remainder when 100 is divided by (-7)/(70/50) - -88.
17
Suppose -3*h = -5*h. Let q(b) = -284*b - 3402. Let o be q(-12). Suppose h = -o*j + 464 - 50. Calculate the remainder when j is divided by 24.
21
Suppose -3 = -37*c + 1366. Suppose -6*l - c*l + 688 = 0. Calculate the remainder when 573 is divided by l.
13
Let x be (5*1)/(3/39) - -3. Let d = x - 69. What is the remainder when 77 is divided by (-2)/d - (51/(-3) + -1)?
17
Let q(f) = -48*f**2 + 3*f - 2. Let s be q(1). Let v = -45 - s. Suppose v*k + 24 = 5*k. What is the remainder when 29 is divided by k?
5
Let n = -176 + -239. Let u = n - -637. What is the remainder when u is divided by 56?
54
Let b(q) = -118*q + 42. Let d(z) = -17*z + 6. Let w(f) = -6*b(f) + 44*d(f). What is the remainder when w(-2) is divided by 32?
28
Let k = 17 + 938. Calculate the remainder when k is divided by 79.
7
Let w(f) be the third derivative of f**5/20 - 5*f**4/6 - 5*f**3/2 - 11*f**2. Let m be w(11). Let g = 182 - m. What is the remainder when g is divided by 29?
25
Let z(o) = -o**2 + 10*o + 13. What is the remainder when z(8) is divided by (2 - 0)/(2 - 8/6)?
2
Let n be 12/(13 - 7) + 7. Suppose -1390 = -n*f - 1012. Calculate the remainder when 124 is divided by f.
40
Suppose 0 = -5*v + 5*r + 247 + 793, v - 4*r = 220. Suppose 0 = 6*j + 60 - v. Calculate the remainder when 42 is divided by j.
18
Let k(b) = 30*b**3 + b**2 + 6*b - 17. What is the remainder when k(2) is divided by 12?
11
Suppose 45*v + 510 = 39*v. What is the remainder when (1581/v)/(3/(-10)) is divided by 16?
14
Let s = 19223 + -17666. What is the remainder when s is divided by 130?
127
Suppose 0 = -4*t - 0*p - p + 125, -3*p - 73 = -2*t. Suppose 0 = -x - t + 70. Let d = x - 33. Calculate the remainder when 15 is divided by d.
0
Let k(o) = 9*o**2 + 4*o + 3. Let h = 803 - 742. What is the remainder when h is divided by k(-2)?
30
Let v = -2439 + 3237. What is the remainder when v is divided by (-4)/(-10) - (6 + 1390/(-25))?
48
Let s = -39 + 39. Suppose -w - 10*u = -8*u - 114, s = 2*w - 4*u - 204. What is the remainder when w is divided by 55?
53
Let y = 200 + -15. Let h = 247 - y. Calculate the remainder when h is divided by 7.
6
Let b(n) be the second derivative of n**5/20 + 5*n**4/12 - n**3 + 4*n**2 + 125*n. What is the remainder when 133 is divided by b(-6)?
5
Let m(g) = 160*g**3 + g**2 - 3*g. Calculate the remainder when 631 is divided by m(1).
157
Calculate the remainder when 247 is divided by (-18)/(-4)*5/(30/32).
7
Let k(g) be the second derivative of g**5/20 + 4*g**4/3 - 4*g**3/3 - 9*g**2/2 + 10*g - 5. What is the remainder when k(-16) is divided by 60?
59
Let f = 14472 + -14357. What is the remainder when 1064 is divided by f?
29
Let q = 8793 - 8718. What is the remainder when 401 is divided by q?
26
Let h be (-2)/3 - 1406/222. Let f(d) = -3*d**3 - 14*d**2 - 9*d - 4. Calculate the remainder when f(h) is divided by 45.
42
What is the remainder when 690 is divided by (-17 + 10 + 8)*(1 - 225)/(-2)?
18
Let b = 13961 + -13914. What is the remainder when 462 is divided by b?
39
Let a = -2797 + 2823. Suppose -1 + 46 = o. Calculate the remainder when o is divided by a.
19
Suppose 2*g - 7*t + t = 38, 54 = g + 4*t. What is the remainder when 4113 is divided by g?
33
Let j = -11303 + 12094. What is the remainder when j is divided by 80?
71
Let j be (2 + 6)*(-14)/(-8). Let t = 366 - 365. Suppose 4*n = 2*b - j, -6 + t = -5*b - 5*n. What is the remainder when 3 is divided by b?
0
Calculate the remainder when 176 is divided by 5*(-45)/(-25) - (-9 - 54).
32
What is the remainder when (-64)/(-60) + -1 + 31616/60 is divided by 140?
107
Let o(s) = -s**3 + 70*s**2 + 996*s - 178. What is the remainder when o(82) is divided by 39?
26
Let y(g) = -2*g - 6. Suppose -3*i - 7 = -1. Let k be y(i). What is the remainder when 26*2/7*(-7)/k is divided by 14?
12
Suppose 3*n + 4*i = 1354, -4*n + 4*i = -116 - 1736. Calculate the remainder when n is divided by (-26)/(364/(-1190)) - 7/(-1).
90
Let o = -10 - -13. Suppose -1853 = 23*m - 27*m - 5*n, -m + 476 = -o*n. What is the remainder when m is divided by 39?
38
Suppose -t - 2*t = 12, 156 = 4*o - 4*t. Let q = 2079 - 2064. Calculate the remainder when o is divided by q.
5
Let d be (42/12)/(1/(-14)). Let w = -414 - -281. Let g = d - w. Calculate the remainder when g is divided by 17.
16
Let m = -495 + 499. Suppose -2*v = -m, -6*s + 9*s - 56 = 5*v. Calculate the remainder when 62 is divided by s.
18
Calculate the remainder when (8 - 3 - (-165)/(-45))*1065/10 is divided by 41.
19
Let f be 972/16 + 2/8. Suppose 142 = -5*h - 148. Let u = f + h. What is the remainder when 32 is divided by u?
2
Suppose 9*c = -116 + 548. What is the remainder when c is divided by -2*2/4 - -13?
0
Calculate the remainder when 12859*(-52)/(-182)*(1 - 0) is divided by 16.
10
Suppose 0 = -5*n + 249 + 36. Calculate the remainder when n is divided by -6 + (55 - (18 + 1)).
27
Let d be (892/(-1))/((-8)/(-40)). What is the remainder when 381 is divided by d/(-80) - 3/4?
51
Let z = -31144 + 41346. Calculate the remainder when z is divided by 57.
56
Let c be (-49)/(-14) - ((-3)/2 + 1). Let h(r) = 7*r - 13. Let m(z) = 8*z. Calculate the remainder when m(13) is divided by h(c).
14
Let p(r) = 36*r - 121. What is the remainder when 270 is divided by p(4)?
17
Let c = 716 + -723. Calculate the remainder when 9 is divided by 12 + (252/147)/(2/c).
3
Let k = -14 - -30. Suppose -90*i + 153 = -927. Suppose 15*s = k*s - i. What is the remainder when s is divided by 3?
0
Let o = -1426 + 538. Let x = o - -935. Calculate the remainder when 85 is divided by x.
38
What is the remainder when 500/(-150) + (-15346)/(-3) is divided by 109?
98
Let s(u) = 15*u**2 - 7*u + 5. Let f be s(5). Suppose -w = 3*a - 3*w + f, -2*a - w - 223 = 0. Let x = 188 + a. Calculate the remainder when x is divided by 13.
10
Let o = -96 + 151. What is the remainder when 0 + 2/24 + (-178756)/(-1104) is divided by o?
52
Suppose -4*v - l - 536 = 0, 6*v - 2*l = 3*v - 413. Let g = v + 159. Calculate the remainder when 68 is divided by g.
20
Let d(b) = 19*b**2 + 68*b + 128. Calculate the remainder when 420 is divided by d(-2).
12
Let d(b) = 5*b**2 - 4. Let a(k) = 4*k**2 + k - 3. Let j(s) = 6*a(s) - 5*d(s). Calculate the remainder when (-45 - 0)*202/(-303) is divided by j(3).
8
Suppose -80 = 3*b - 104, -3*r = 4*b - 6992. Calculate the remainder when r is divided by 80.
0
Calculate the remainder when -5 + (3943 - -6) + -23 is divided by 36.
33
Suppose -3*q = -j - 133 + 498, -2*q - 246 = -2*j. Let f = q + 160. Let o(z) = 22*z**2 + z + 1. What is the remainder when f is divided by o(-1)?
17
Suppose 0 = -c - 7*h + 8*h + 7, 4*h + 16 = -2*c. Suppose 6 = -3*t, -m - c*m + t + 80 = 0. What is the remainder when 334 is divided by m?
22
Let c(p) = -304*p - 1. Let s be c(-2). Let u = s - 591. What is the remainder when 222 is divided by u?
14
Let a(o) = -4*o + 30. Let v be a(5). Calculate the remainder when (2 - (75/v - 4))*-86 is divided by 13.
12
Let t = 54 - 56. Let r(k) = 2*k**3 + 6*k**2 + 5*k + 5. Let d be r(t). Suppose d*n - 14 - 34 = 0. Calculate the remainder when 63 is divided by n.
15
Calculate the remainder when 217 is divided by 2/(-37) - 127028/(-814).
61
Let b = 3797 + -3214. Calculate the remainder when b is divided by 71.
15
Let o = 30 - 28. Suppose -4*c + p = -3*c - 15, p = o. Calculate the remainder when 44 is divided by c.
10
Suppose 4*b = 5*n - 6, -16 = 2*b - 3*n - 10. What is the remainder when 810 is divided by b?
0
Suppose 692*h + 1444 = 719*h - 5009. What is the remainder when h is divided by 58?
7
Let f = 296 + -296. Suppose 17*a + 12*a - 1189 = f. Calculate the remainder when 139 is divided by a.
16
Let o = -1526 - -1606. Calculate the remainder when 4959 is divided by o.
79
Let o(q) = q**3 - 3*q**